{"id":933,"date":"2016-08-30T10:56:42","date_gmt":"2016-08-30T08:56:42","guid":{"rendered":"http:\/\/heinrich-reisen.de\/busunternehmen\/?page_id=933"},"modified":"2016-11-21T08:31:23","modified_gmt":"2016-11-21T07:31:23","slug":"informationen","status":"publish","type":"page","link":"https:\/\/heinrich-reisen.de\/busunternehmen\/informationen\/","title":{"rendered":"Informationen"},"content":{"rendered":"<p>Auf diesen Unterseiten finden Sie erg\u00e4nzende Informationen zu unserem Unternehmen.<\/p>\n<p>&nbsp;<\/p>\n<p><a href=\"https:\/\/heinrich-reisen.de\/busunternehmen\/wp-content\/uploads\/2016\/08\/MZ_Presseartikel_19.11.16.pdf\">mz_presseartikel_19-11-16 &#8211; hier ein Bericht \u00fcber uns<\/a><\/p>\n<p>Anmerkung: Bei den genannten Jahreszahlen hat sich ein Druckfehler eingeschlichen, es mu\u00df 2 x 2016 hei\u00dfen.<\/p>\n<p>&nbsp;<\/p>\n<p><a href=\"https:\/\/heinrich-reisen.de\/busunternehmen\/wp-content\/uploads\/2016\/07\/45.jpg\"><img loading=\"lazy\" class=\"alignleft wp-image-438\" src=\"https:\/\/heinrich-reisen.de\/busunternehmen\/wp-content\/uploads\/2016\/07\/45-744x558.jpg\" alt=\"45\" width=\"197\" height=\"148\" srcset=\"https:\/\/heinrich-reisen.de\/busunternehmen\/wp-content\/uploads\/2016\/07\/45-744x558.jpg 744w, https:\/\/heinrich-reisen.de\/busunternehmen\/wp-content\/uploads\/2016\/07\/45-420x315.jpg 420w, https:\/\/heinrich-reisen.de\/busunternehmen\/wp-content\/uploads\/2016\/07\/45-1200x900.jpg 1200w, https:\/\/heinrich-reisen.de\/busunternehmen\/wp-content\/uploads\/2016\/07\/45-300x225.jpg 300w\" sizes=\"(max-width: 197px) 100vw, 197px\" \/><\/a><\/p>\n","protected":false},"excerpt":{"rendered":"<p>Auf diesen Unterseiten finden Sie erg\u00e4nzende Informationen zu unserem Unternehmen. &nbsp; mz_presseartikel_19-11-16 &#8211; hier ein Bericht \u00fcber uns Anmerkung: Bei den genannten Jahreszahlen hat sich ein Druckfehler eingeschlichen, es mu\u00df 2 x 2016 hei\u00dfen. &nbsp;<\/p>\n","protected":false},"author":1,"featured_media":0,"parent":0,"menu_order":0,"comment_status":"closed","ping_status":"closed","template":"","meta":[],"folder":[],"_links":{"self":[{"href":"https:\/\/heinrich-reisen.de\/busunternehmen\/wp-json\/wp\/v2\/pages\/933"}],"collection":[{"href":"https:\/\/heinrich-reisen.de\/busunternehmen\/wp-json\/wp\/v2\/pages"}],"about":[{"href":"https:\/\/heinrich-reisen.de\/busunternehmen\/wp-json\/wp\/v2\/types\/page"}],"author":[{"embeddable":true,"href":"https:\/\/heinrich-reisen.de\/busunternehmen\/wp-json\/wp\/v2\/users\/1"}],"replies":[{"embeddable":true,"href":"https:\/\/heinrich-reisen.de\/busunternehmen\/wp-json\/wp\/v2\/comments?post=933"}],"version-history":[{"count":4,"href":"https:\/\/heinrich-reisen.de\/busunternehmen\/wp-json\/wp\/v2\/pages\/933\/revisions"}],"predecessor-version":[{"id":1304,"href":"https:\/\/heinrich-reisen.de\/busunternehmen\/wp-json\/wp\/v2\/pages\/933\/revisions\/1304"}],"wp:attachment":[{"href":"https:\/\/heinrich-reisen.de\/busunternehmen\/wp-json\/wp\/v2\/media?parent=933"}],"wp:term":[{"taxonomy":"folder","embeddable":true,"href":"https:\/\/heinrich-reisen.de\/busunternehmen\/wp-json\/wp\/v2\/folder?post=933"}],"curies":[{"name":"wp","href":"https:\/\/api.w.org\/{rel}","templated":true}]}}