{"id":500,"date":"2016-08-02T12:06:00","date_gmt":"2016-08-02T10:06:00","guid":{"rendered":"http:\/\/heinrich-reisen.de\/busunternehmen\/?page_id=500"},"modified":"2025-05-16T10:43:25","modified_gmt":"2025-05-16T08:43:25","slug":"luther-bauhaus-dessau-gartenreich","status":"publish","type":"page","link":"https:\/\/heinrich-reisen.de\/busunternehmen\/luther-bauhaus-dessau-gartenreich\/","title":{"rendered":"Luther &#8211; Bauhaus Dessau &#8211; Gartenreich"},"content":{"rendered":"\r\n<p>Luther Bauhaus Dessau Gartenreich eine Interessante &#8222;Ecke&#8220; in Sachsen Anhalt.<\/p>\r\n\r\n\r\n\r\n<figure id=\"attachment_1146\" aria-describedby=\"caption-attachment-1146\" style=\"width: 378px\" class=\"wp-caption alignleft\"><a href=\"https:\/\/heinrich-reisen.de\/busunternehmen\/wp-content\/uploads\/2016\/08\/Weg-zur-Schlosskirche.jpg\"><img loading=\"lazy\" class=\"wp-image-1146\" src=\"https:\/\/heinrich-reisen.de\/busunternehmen\/wp-content\/uploads\/2016\/08\/Weg-zur-Schlosskirche.jpg\" alt=\"Wittenberg Blick zur Schlosskirche\" width=\"378\" height=\"537\" srcset=\"https:\/\/heinrich-reisen.de\/busunternehmen\/wp-content\/uploads\/2016\/08\/Weg-zur-Schlosskirche.jpg 686w, https:\/\/heinrich-reisen.de\/busunternehmen\/wp-content\/uploads\/2016\/08\/Weg-zur-Schlosskirche-420x597.jpg 420w, https:\/\/heinrich-reisen.de\/busunternehmen\/wp-content\/uploads\/2016\/08\/Weg-zur-Schlosskirche-211x300.jpg 211w\" sizes=\"(max-width: 378px) 100vw, 378px\" \/><\/a><figcaption id=\"caption-attachment-1146\" class=\"wp-caption-text\">Schlosskirchenblick in Wittenberg<\/figcaption><\/figure>\r\n<h2><span style=\"color: #339966;\">Luther Bauhaus Dessau Gartenreich<\/span><\/h2>\r\n<h4><strong>Reiseprogrammvorschlag f\u00fcr die Reise &#8222;Luther Bauhaus Gartenreich&#8220;:<\/strong><\/h4>\r\n<ol>\r\n<li><strong>Tag: <\/strong>Wir holen Sie mit einem Reisebus ab und bringen Sie in ein gutes Mittelklasse Hotel im Raum <strong>Dessau \u2013 W\u00f6rlitz<\/strong>. Eigenanreise ist m\u00f6glich<\/li>\r\n<\/ol>\r\n<figure id=\"attachment_2882\" aria-describedby=\"caption-attachment-2882\" style=\"width: 279px\" class=\"wp-caption alignright\"><a href=\"https:\/\/heinrich-reisen.de\/busunternehmen\/wp-content\/uploads\/2020\/12\/Gondel-Woerlitzer-Park-neu-scaled.jpeg\"><img loading=\"lazy\" class=\"wp-image-2882\" src=\"https:\/\/heinrich-reisen.de\/busunternehmen\/wp-content\/uploads\/2020\/12\/Gondel-Woerlitzer-Park-neu-744x996.jpeg\" alt=\"See von W\u00f6rlitz mit Gondel\" width=\"279\" height=\"372\" srcset=\"https:\/\/heinrich-reisen.de\/busunternehmen\/wp-content\/uploads\/2020\/12\/Gondel-Woerlitzer-Park-neu-420x562.jpeg 420w, https:\/\/heinrich-reisen.de\/busunternehmen\/wp-content\/uploads\/2020\/12\/Gondel-Woerlitzer-Park-neu-768x1028.jpeg 768w, https:\/\/heinrich-reisen.de\/busunternehmen\/wp-content\/uploads\/2020\/12\/Gondel-Woerlitzer-Park-neu-1530x2048.jpeg 1530w, https:\/\/heinrich-reisen.de\/busunternehmen\/wp-content\/uploads\/2020\/12\/Gondel-Woerlitzer-Park-neu-224x300.jpeg 224w\" sizes=\"(max-width: 279px) 100vw, 279px\" \/><\/a><figcaption id=\"caption-attachment-2882\" class=\"wp-caption-text\">W\u00f6rlitzer Seen laden zur Gondelfahrt ein<\/figcaption><\/figure>\r\n<p><strong>2. Tag:<\/strong> Sie haben in<strong> W\u00f6rlitz<\/strong>, die M\u00f6glichkeit wie Goethe damals mit einer Gondel durch einen der gr\u00f6\u00dften Landschaftsparks in Europa zu fahren. Der Park ist im englischen Stil angelegt. Sie fahren, wie in Venedig, unter zahlreichen Br\u00fccken hindurch und k\u00f6nnen wundervolle Bauwerke bewundern. Sie besichtigen das frisch renovierte Schloss und anschlie\u00dfend geht es zur <strong>Bauhausstadt Dessau<\/strong> mit der M\u00f6glichkeit, das Bauhaus Museum oder die Meisterh\u00e4user mit Bauhaus zu besichtigen.<\/p>\r\n<p><strong>3. Tag: Oranienbaum<\/strong> ist eine im niederl\u00e4ndischen Barocken Stil <a href=\"https:\/\/heinrich-reisen.de\/busunternehmen\/wp-content\/uploads\/2016\/08\/wappen_oranienbaum.gif\"><img loading=\"lazy\" class=\" wp-image-638 alignright\" src=\"https:\/\/heinrich-reisen.de\/busunternehmen\/wp-content\/uploads\/2016\/08\/wappen_oranienbaum.gif\" alt=\"\" width=\"102\" height=\"124\" \/><\/a>geometrisch aufeinander ausgerichtet Stadt mit Schloss und Park.\u00a0 Bei einer F\u00fchrung lernen Sie das Schloss n\u00e4her kennen. Und Sie haben Freizeit f\u00fcr einen Spaziergang, bei dem Sie zur l\u00e4ngsten Orangerien Europas (eine L\u00e4nge von 176 m) laufen k\u00f6nnen. Gegen Mittag erfolgt die Heimreise \u2013 oder die Verl\u00e4ngerung.<\/p>\r\n<p><strong>Inklusiv &#8211; Leistungen der Reise Luther Bauhaus Dessau Gartenreich:<br \/><\/strong><\/p>\r\n<ul>\r\n<li>2 x \u00dcbernachtung inkl. Fr\u00fchst\u00fcck im DZ<\/li>\r\n<li>Busfahrt ab\/an Hotel zu den Ausfl\u00fcgen<\/li>\r\n<li>Eintritt &amp; F\u00fchrung Schloss Oranienbaum mit einem Schn\u00e4pschen<\/li>\r\n<li>Eintritt &amp; F\u00fchrung Schloss W\u00f6rlitz<\/li>\r\n<li>Picknickkorb mit Leckereien<\/li>\r\n<li>1x Freiplatz ab 30 Pers. im DZ<\/li>\r\n<\/ul>\r\n<p>&nbsp;<\/p>\r\n<h4><b>Sie k\u00f6nnen das <\/b><span style=\"font-size: 19.2px;\"><b>Programm<\/b><\/span><b> \u00e4ndern oder erg\u00e4nzen hierzu finden Sie folgende Bausteine:<\/b><\/h4>\r\n<ul>\r\n<li>Anreise ab Ihrem Heimatort mit einem Reisebus bis 49 Pl\u00e4tzen (Preis <a href=\"https:\/\/heinrich-reisen.de\/busunternehmen\/wp-content\/uploads\/2018\/11\/Busse.gif\"><img loading=\"lazy\" class=\"wp-image-1712 alignright\" src=\"https:\/\/heinrich-reisen.de\/busunternehmen\/wp-content\/uploads\/2018\/11\/Busse-744x496.gif\" alt=\"\" width=\"219\" height=\"145\" srcset=\"https:\/\/heinrich-reisen.de\/busunternehmen\/wp-content\/uploads\/2018\/11\/Busse-744x496.gif 744w, https:\/\/heinrich-reisen.de\/busunternehmen\/wp-content\/uploads\/2018\/11\/Busse-420x280.gif 420w, https:\/\/heinrich-reisen.de\/busunternehmen\/wp-content\/uploads\/2018\/11\/Busse-768x512.gif 768w, https:\/\/heinrich-reisen.de\/busunternehmen\/wp-content\/uploads\/2018\/11\/Busse-1200x800.gif 1200w, https:\/\/heinrich-reisen.de\/busunternehmen\/wp-content\/uploads\/2018\/11\/Busse-300x200.gif 300w\" sizes=\"(max-width: 219px) 100vw, 219px\" \/><\/a>auf Anfrage)<\/li>\r\n<li>Verl\u00e4ngerungsnacht mit Halbpension im Hotel je nach Saison auf Anfrage<a href=\"https:\/\/heinrich-reisen.de\/busunternehmen\/wp-content\/uploads\/2018\/11\/Essen_2.gif\"><img loading=\"lazy\" class=\"wp-image-1747 alignright\" src=\"https:\/\/heinrich-reisen.de\/busunternehmen\/wp-content\/uploads\/2018\/11\/Essen_2-744x494.gif\" alt=\"\" width=\"211\" height=\"137\" \/><\/a><\/li>\r\n<li>Bauhausmuseum oder Meisterh\u00e4user\u00a0<\/li>\r\n<li>Besichtigung Schloss Mosigkau\u00a0<\/li>\r\n<li>Besichtigung inkl. F\u00fchrung Ferropolis Stadt aus Eisen\u00a0<\/li>\r\n<li>Fahrrad \u201eTour an See und Heide\u201c inkl. Gr\u00e4fenhainichen -die Geburtsstadt Paul Gerhardt\u00a0<\/li>\r\n<li>Fahrrad oder E &#8211; Bike kann geliehen werden<\/li>\r\n<li>Stadtf\u00fchrung Lutherstadt Wittenberg inkl. Kaffee + Torte bei der Keks Fabrik Wikana\u00a0<\/li>\r\n<\/ul>\r\n<p>F\u00fcr Gruppenreisen bieten wir die Organisation vor Ort an, denn wir sind arbeiten als regionales Busunternehmen nur 25 km von der Lutherstadt Wittenberg und 12 km von Dessau entfernt.<\/p>\r\n<figure id=\"attachment_759\" aria-describedby=\"caption-attachment-759\" style=\"width: 320px\" class=\"wp-caption alignright\"><a href=\"https:\/\/heinrich-reisen.de\/busunternehmen\/wp-content\/uploads\/2016\/08\/Woerlitz_See.jpg\"><img loading=\"lazy\" class=\"wp-image-759\" src=\"https:\/\/heinrich-reisen.de\/busunternehmen\/wp-content\/uploads\/2016\/08\/Woerlitz_See.jpg\" alt=\"Woerlitz_See\" width=\"320\" height=\"322\" srcset=\"https:\/\/heinrich-reisen.de\/busunternehmen\/wp-content\/uploads\/2016\/08\/Woerlitz_See.jpg 600w, https:\/\/heinrich-reisen.de\/busunternehmen\/wp-content\/uploads\/2016\/08\/Woerlitz_See-420x423.jpg 420w, https:\/\/heinrich-reisen.de\/busunternehmen\/wp-content\/uploads\/2016\/08\/Woerlitz_See-298x300.jpg 298w\" sizes=\"(max-width: 320px) 100vw, 320px\" \/><\/a><figcaption id=\"caption-attachment-759\" class=\"wp-caption-text\">Blick von der Vulkaninsel auf den See von W\u00f6rlitz<\/figcaption><\/figure>\r\n<p>Wir unterst\u00fctzen Sie mit regionalen Partnern bei Ihrer Reiseplanung.<\/p>\r\n<p><strong>Sie erhalten von uns ein individuelles Gruppenangebot f\u00fcr Dessau, W\u00f6rlitz, Oranienbaum, Wittenberg.<br \/><\/strong><\/p>\r\n<p>Auch andere St\u00e4dte in der Region wie<strong> Halle, Leipzig, Berlin oder Weimar<\/strong><\/p>\r\n<p><a href=\"https:\/\/heinrich-reisen.de\/busunternehmen\/wp-content\/uploads\/2020\/04\/Pannometer.jpg\"><img loading=\"lazy\" class=\" wp-image-2386\" src=\"https:\/\/heinrich-reisen.de\/busunternehmen\/wp-content\/uploads\/2020\/04\/Pannometer-744x558.jpg\" alt=\"Leipzig\" width=\"127\" height=\"96\" srcset=\"https:\/\/heinrich-reisen.de\/busunternehmen\/wp-content\/uploads\/2020\/04\/Pannometer-744x558.jpg 744w, https:\/\/heinrich-reisen.de\/busunternehmen\/wp-content\/uploads\/2020\/04\/Pannometer-420x315.jpg 420w, https:\/\/heinrich-reisen.de\/busunternehmen\/wp-content\/uploads\/2020\/04\/Pannometer-768x576.jpg 768w, https:\/\/heinrich-reisen.de\/busunternehmen\/wp-content\/uploads\/2020\/04\/Pannometer-1200x900.jpg 1200w, https:\/\/heinrich-reisen.de\/busunternehmen\/wp-content\/uploads\/2020\/04\/Pannometer-300x225.jpg 300w\" sizes=\"(max-width: 127px) 100vw, 127px\" \/><\/a><\/p>\r\n<p>&nbsp;<\/p>\r\n<p>Eine Region die Sie unbedingt sehen sollten!<\/p>\r\n<h3 style=\"text-align: center;\"><span style=\"color: #339966;\"><strong><u>Kirchenreise zu Luther und das einzigartige Gartenreich im Herzen von Sachsen \u2013 Anhalt<\/u><\/strong><\/span><\/h3>\r\n<p>&nbsp;<\/p>\r\n<p>1.Tag: Wir holen Sie mit einem Reisebus ab und bringen Sie in ein gutes Mittelklasse Hotel im <strong>Raum Dessau-Wittenberg<\/strong>. Eigenanreise ist auch m\u00f6glich.<\/p>\r\n<p>2. Tag: Auf den Spuren von Luther in der <strong>Lutherstadt Wittenberg. <\/strong>Sie starten mit der Altstadtbahn zu einer Rundfahrt, im Anschluss geht es zur F\u00fchrung durch die Stadtkirchen in der Innenstadt Wittenberg. An dessen T\u00fcr hat Martin Luther am 31.10.1517 seine 95 Thesen angenagelt. Am Nachmittag fahren Sie nach <strong>Oranienbaum<\/strong>, dort haben Sie nach einer \u201e<em>Schn\u00e4pschen und Picknick\u201c<\/em> \u00a0Pause die M\u00f6glichkeit bei einem Stadtrundgang die Stadt und die Barock Kirche n\u00e4her kennen zu lernen.<\/p>\r\n<p>3.Tag In <strong>W\u00f6rlitz,<\/strong> wo Sie die Alternative haben den Bibelturm zu besichtigen, wie Goethe damals mit einer Gondel durch einen der gr\u00f6\u00dften Landschaftsparks Europas zu fahren oder einen Parkspaziergang zur Vulkaninsel zu machen. Der im englischen Stil angelegte Park hat wundervolle Bauwerke z.B. das Schloss oder das Gotische Haus. Sp\u00e4ter erfolgt die Heimreise oder Sie entscheiden sich f\u00fcr eine Verl\u00e4ngerung der Reise (gegen Aufpreis).<\/p>\r\n<p>Inklusive Leistungen<\/p>\r\n<ul>\r\n<li>Fahrt ab\/an Hotel zu den Ausfl\u00fcgen<\/li>\r\n<li>2x \u00dcbernachtung inkl. Fr\u00fchst\u00fcck\r\n<figure id=\"attachment_3048\" aria-describedby=\"caption-attachment-3048\" style=\"width: 521px\" class=\"wp-caption alignright\"><a href=\"https:\/\/heinrich-reisen.de\/busunternehmen\/wp-content\/uploads\/2021\/01\/Wittenberg-Markt.jpg\"><img loading=\"lazy\" class=\"wp-image-3048\" src=\"https:\/\/heinrich-reisen.de\/busunternehmen\/wp-content\/uploads\/2021\/01\/Wittenberg-Markt.jpg\" alt=\"Wittenberg Markt\" width=\"521\" height=\"356\" srcset=\"https:\/\/heinrich-reisen.de\/busunternehmen\/wp-content\/uploads\/2021\/01\/Wittenberg-Markt.jpg 744w, https:\/\/heinrich-reisen.de\/busunternehmen\/wp-content\/uploads\/2021\/01\/Wittenberg-Markt-420x287.jpg 420w, https:\/\/heinrich-reisen.de\/busunternehmen\/wp-content\/uploads\/2021\/01\/Wittenberg-Markt-300x205.jpg 300w\" sizes=\"(max-width: 521px) 100vw, 521px\" \/><\/a><figcaption id=\"caption-attachment-3048\" class=\"wp-caption-text\">Rathaus am Markt von Wittenberg<\/figcaption><\/figure>\r\n<\/li>\r\n<li>Altstadt Bahn Wittenberg<\/li>\r\n<li>Kirchenf\u00fchrung Wittenberg<\/li>\r\n<li>Schn\u00e4pschen &amp; Picknickkorb<\/li>\r\n<\/ul>\r\n<p><strong>Zusatz Bausteine\u00a0<\/strong><\/p>\r\n<ul>\r\n<li>Anreise ab Ihrem Heimatort mit einem Reisebus bis 49 Pl. (Preis auf Anfrage<\/li>\r\n<li>Verl\u00e4ngerungsnacht mit\u00a0Halbpension\u00a0<\/li>\r\n<li>Gondelfahrt in W\u00f6rlitz\u00a0<\/li>\r\n<li>Kirchturm W\u00f6rlitz\u00a0<\/li>\r\n<li>Stadtf\u00fchrung Oranienbaum\u00a0 und Besichtigung Schloss Oranienbaum\u00a0<\/li>\r\n<li>Bauhausmuseum &amp; Meisterh\u00e4user in Dessau\u00a0<\/li>\r\n<li>Besichtigung Schloss Mosigkau\u00a0<\/li>\r\n<li>Fahrrad Tour an See und Heide inkl. Gr\u00e4fenhainichen die Geburtsstadt des Kirchen Dichters Paul Gerhardt\u00a0<\/li>\r\n<li>Torte &amp; Kaffee bei der <a href=\"https:\/\/www.wikana.de\/\">Keks Fabrik Wikana<\/a> in Wittenberg\u00a0<\/li>\r\n<\/ul>\r\n\r\n<p>&nbsp;<\/p>\r\n","protected":false},"excerpt":{"rendered":"<p>Luther Bauhaus Dessau Gartenreich eine Interessante &#8222;Ecke&#8220; in Sachsen Anhalt. Luther Bauhaus Dessau Gartenreich Reiseprogrammvorschlag f\u00fcr die Reise &#8222;Luther Bauhaus Gartenreich&#8220;: Tag: Wir holen Sie mit einem Reisebus ab und bringen Sie in ein gutes Mittelklasse Hotel im Raum Dessau \u2013 W\u00f6rlitz. Eigenanreise ist m\u00f6glich 2. Tag: Sie haben in W\u00f6rlitz, die M\u00f6glichkeit wie Goethe [&hellip;]<\/p>\n","protected":false},"author":1,"featured_media":0,"parent":0,"menu_order":0,"comment_status":"closed","ping_status":"closed","template":"","meta":[],"folder":[],"_links":{"self":[{"href":"https:\/\/heinrich-reisen.de\/busunternehmen\/wp-json\/wp\/v2\/pages\/500"}],"collection":[{"href":"https:\/\/heinrich-reisen.de\/busunternehmen\/wp-json\/wp\/v2\/pages"}],"about":[{"href":"https:\/\/heinrich-reisen.de\/busunternehmen\/wp-json\/wp\/v2\/types\/page"}],"author":[{"embeddable":true,"href":"https:\/\/heinrich-reisen.de\/busunternehmen\/wp-json\/wp\/v2\/users\/1"}],"replies":[{"embeddable":true,"href":"https:\/\/heinrich-reisen.de\/busunternehmen\/wp-json\/wp\/v2\/comments?post=500"}],"version-history":[{"count":57,"href":"https:\/\/heinrich-reisen.de\/busunternehmen\/wp-json\/wp\/v2\/pages\/500\/revisions"}],"predecessor-version":[{"id":3835,"href":"https:\/\/heinrich-reisen.de\/busunternehmen\/wp-json\/wp\/v2\/pages\/500\/revisions\/3835"}],"wp:attachment":[{"href":"https:\/\/heinrich-reisen.de\/busunternehmen\/wp-json\/wp\/v2\/media?parent=500"}],"wp:term":[{"taxonomy":"folder","embeddable":true,"href":"https:\/\/heinrich-reisen.de\/busunternehmen\/wp-json\/wp\/v2\/folder?post=500"}],"curies":[{"name":"wp","href":"https:\/\/api.w.org\/{rel}","templated":true}]}}